{"id":8558,"date":"2019-05-22T17:52:06","date_gmt":"2019-05-22T21:52:06","guid":{"rendered":"https:\/\/afromarket.ca\/?page_id=8558"},"modified":"2019-05-22T17:52:09","modified_gmt":"2019-05-22T21:52:09","slug":"politique-modele-de-confidentialite","status":"publish","type":"page","link":"https:\/\/afromarket.ca\/index.php\/politique-modele-de-confidentialite\/","title":{"rendered":"Politique mod\u00e8le de confidentialit\u00e9"},"content":{"rendered":"\n<p><strong>Introduction<\/strong><br>\nDevant le d\u00e9veloppement des nouveaux outils de communication, il est \nn\u00e9cessaire de porter une attention particuli\u00e8re \u00e0 la protection de la \nvie priv\u00e9e. \nC&#8217;est pourquoi, nous nous engageons \u00e0 respecter la confidentialit\u00e9 des \nrenseignements personnels que nous collectons.\n<\/p>\n\n\n\n<hr class=\"wp-block-separator\"\/>\n\n\n\n<h2>Collecte des renseignements personnels<\/h2>\n\n\n\n<p>\nNous collectons les renseignements suivants : \n<\/p>\n\n\n\n<ul><li>Nom<\/li><li>Pr\u00e9nom<\/li><li>Adresse postale<\/li><li>Code postal<\/li><li>Adresse \u00e9lectronique<\/li><li>Num\u00e9ro de t\u00e9l\u00e9phone \/ t\u00e9l\u00e9copieur<\/li><li>Num\u00e9ro de carte de cr\u00e9dit<\/li><\/ul>\n\n\n\n<p>\n\tLes renseignements personnels que nous collectons sont recueillis au travers de formulaires et gr\u00e2ce \u00e0 \n\tl&#8217;interactivit\u00e9 \u00e9tablie entre vous et notre site Web.\n\tNous utilisons \u00e9galement, comme indiqu\u00e9 dans la section suivante, des fichiers t\u00e9moins et\/ou journaux \n\tpour r\u00e9unir des informations vous concernant.\n<\/p>\n\n\n\n<hr class=\"wp-block-separator\"\/>\n\n\n\n<h2>Formulaires&nbsp; et interactivit\u00e9:<\/h2>\n\n\n\n<p>\n\tVos renseignements personnels sont collect\u00e9s par le biais de formulaire, \u00e0 savoir :\n<\/p>\n\n\n\n<ul><li>Formulaire de commande<\/li><li>Sondage d&#8217;opinion<\/li><\/ul>\n\n\n\n<p>\n\tNous utilisons les renseignements ainsi collect\u00e9s pour les finalit\u00e9s suivantes :\n<\/p>\n\n\n\n<ul><li>Suivi de la commande<\/li><li>Informations \/ Offres promotionnelles<\/li><li>Statistiques<\/li><\/ul>\n\n\n\n<p>\n\tVos renseignements sont \u00e9galement collect\u00e9s par le biais de \nl&#8217;interactivit\u00e9 pouvant s&#8217;\u00e9tablir entre vous et notre site Web et ce, de\n la fa\u00e7on suivante:\n<\/p>\n\n\n\n<ul><li>Statistiques<\/li><li>Contact<\/li><li>Gestion du site Web (pr\u00e9sentation, organisation)<\/li><\/ul>\n\n\n\n<p>\n\tNous utilisons les renseignements ainsi collect\u00e9s pour les finalit\u00e9s suivantes :<br>\n<\/p>\n\n\n\n<ul><li>Commentaires\n<\/li><li>Correspondance<\/li><li>Informations ou pour des offres promotionnelles<\/li><\/ul>\n\n\n\n<hr class=\"wp-block-separator\"\/>\n\n\n\n<h2>Fichiers journaux et t\u00e9moins <\/h2>\n\n\n\n<p>\nNous recueillons certaines informations par le biais de fichiers \njournaux (log file) et de fichiers t\u00e9moins (cookies). Il s&#8217;agit \nprincipalement des informations suivantes :\n<\/p>\n\n\n\n<ul><li>Pages visit\u00e9es et requ\u00eates<\/li><li>Heure et jour de connexion<\/li><\/ul>\n\n\n\n<p>\nLe recours \u00e0 de tels fichiers nous permet : \n<\/p>\n\n\n\n<ul><li>Am\u00e9lioration du service et accueil personnalis\u00e9<\/li><li>Suivi de commande<\/li><li>Statistique<\/li><\/ul>\n\n\n\n<hr class=\"wp-block-separator\"\/>\n\n\n\n<h2>Droit d&#8217;opposition et de retrait<\/h2>\n\n\n\n<p>\n\tNous nous engageons \u00e0 vous offrir un droit d&#8217;opposition et de retrait quant \u00e0 vos renseignements personnels.<br>\n\tLe droit d&#8217;opposition s&#8217;entend comme \u00e9tant la possiblit\u00e9 offerte aux internautes de refuser que leurs renseignements \n\tpersonnels soient utilis\u00e9es \u00e0 certaines fins mentionn\u00e9es lors de la collecte.<br>\n<\/p>\n\n\n\n<p>\n\tLe droit de retrait s&#8217;entend comme \u00e9tant la possiblit\u00e9 offerte aux internautes de demander \u00e0 ce que leurs \n\trenseignements personnels ne figurent plus, par exemple, dans une liste de diffusion.<br>\n<\/p>\n\n\n\n<p>\n\tPour pouvoir exercer ces droits, vous pouvez : <br>\n\tCode postal : 1218 rue fournelle, La Prairie J5R 0R4<br>\tCourriel : <a href=\"mailto:infos@afromarket.ca\" target=\"_blank\" rel=\"noreferrer noopener\">infos@afromarket.ca<\/a><br>\tT\u00e9l\u00e9phone : 5149197583<br>\tSection du site web : <a href=\"https:\/\/afromarket.ca\/\" target=\"_blank\" rel=\"noreferrer noopener\">https:\/\/afromarket.ca\/<\/a><br>\t<\/p>\n\n\n\n<hr class=\"wp-block-separator\"\/>\n\n\n\n<h2>Droit d&#8217;acc\u00e8s<\/h2>\n\n\n\n<p>\n\tNous nous engageons \u00e0 reconna\u00eetre un droit d&#8217;acc\u00e8s et de rectification aux personnes \n\tconcern\u00e9es d\u00e9sireuses de consulter, modifier, voire radier les informations les concernant.<br>\n\n\t\n\tL&#8217;exercice de ce droit se fera :<br>\n\tCode postal : 1218 rue fournelle, La Prairie J5R 0R4<br>\tCourriel : <a href=\"mailto:infos@afromarket.ca\" target=\"_blank\" rel=\"noreferrer noopener\">infos@afromarket.ca<\/a><br>\tT\u00e9l\u00e9phone : 5149197583<br>\tSection du site web : <a href=\"https:\/\/afromarket.ca\/\" target=\"_blank\" rel=\"noreferrer noopener\">https:\/\/afromarket.ca\/<\/a><br>\t<\/p>\n\n\n\n<hr class=\"wp-block-separator\"\/>\n\n\n\n<h2>S\u00e9curit\u00e9<\/h2>\n\n\n\n<p>\n\n\tLes renseignements personnels que nous collectons sont conserv\u00e9s \n\tdans un environnement s\u00e9curis\u00e9. Les personnes travaillant pour nous \nsont tenues de respecter la confidentialit\u00e9 de vos informations.<br>\n\tPour assurer la s\u00e9curit\u00e9 de vos renseignements personnels, nous avons recours aux mesures suivantes :\n<\/p>\n\n\n\n<ul><li>Gestion des acc\u00e8s &#8211; personne autoris\u00e9e<\/li><li>Sauvegarde informatique<\/li><li>Identifiant \/ mot de passe<\/li><\/ul>\n\n\n\n<p>\n\tNous nous engageons \u00e0 maintenir un haut degr\u00e9 de confidentialit\u00e9 en \nint\u00e9grant les derni\u00e8res innovations technologiques permettant d&#8217;assurer \n\tla confidentialit\u00e9 de vos transactions. Toutefois, comme aucun \nm\u00e9canisme n&#8217;offre une s\u00e9curit\u00e9 maximale, une part de risque est toujours\n pr\u00e9sente \n\tlorsque l&#8217;on utilise Internet pour transmettre des renseignements \npersonnels. \n<\/p>\n\n\n\n<hr class=\"wp-block-separator\"\/>\n\n\n\n<h2>L\u00e9gislation<\/h2>\n\n\n\n<p> Nous nous engageons \u00e0 respecter les dispositions l\u00e9gislatives \u00e9nonc\u00e9es dans : <br>Qu\u00e9bec<\/p>\n","protected":false},"excerpt":{"rendered":"<p>Introduction Devant le d\u00e9veloppement des nouveaux outils de communication, il est n\u00e9cessaire de porter une attention particuli\u00e8re \u00e0 la protection de la vie priv\u00e9e. C&#8217;est pourquoi, nous nous engageons \u00e0 respecter la confidentialit\u00e9 des renseignements personnels que nous collectons. Collecte des renseignements personnels Nous collectons les renseignements suivants : Nom Pr\u00e9nom Adresse postale Code postal [&hellip;]<\/p>\n","protected":false},"author":1,"featured_media":0,"parent":0,"menu_order":0,"comment_status":"closed","ping_status":"closed","template":"","meta":{"spay_email":""},"yoast_head":"<!-- This site is optimized with the Yoast SEO plugin v15.7 - https:\/\/yoast.com\/wordpress\/plugins\/seo\/ -->\n<title>Politique mod\u00e8le de confidentialit\u00e9 - Afromarket<\/title>\n<meta name=\"robots\" content=\"index, follow, max-snippet:-1, max-image-preview:large, max-video-preview:-1\" \/>\n<link rel=\"canonical\" href=\"https:\/\/afromarket.ca\/index.php\/politique-modele-de-confidentialite\/\" \/>\n<meta property=\"og:locale\" content=\"fr_FR\" \/>\n<meta property=\"og:type\" content=\"article\" \/>\n<meta property=\"og:title\" content=\"Politique mod\u00e8le de confidentialit\u00e9 - Afromarket\" \/>\n<meta property=\"og:description\" content=\"Introduction Devant le d\u00e9veloppement des nouveaux outils de communication, il est n\u00e9cessaire de porter une attention particuli\u00e8re \u00e0 la protection de la vie priv\u00e9e. C&#8217;est pourquoi, nous nous engageons \u00e0 respecter la confidentialit\u00e9 des renseignements personnels que nous collectons. Collecte des renseignements personnels Nous collectons les renseignements suivants : Nom Pr\u00e9nom Adresse postale Code postal [&hellip;]\" \/>\n<meta property=\"og:url\" content=\"https:\/\/afromarket.ca\/index.php\/politique-modele-de-confidentialite\/\" \/>\n<meta property=\"og:site_name\" content=\"Afromarket\" \/>\n<meta property=\"article:publisher\" content=\"https:\/\/www.facebook.com\/Afromarketepicerie\/\" \/>\n<meta property=\"article:modified_time\" content=\"2019-05-22T21:52:09+00:00\" \/>\n<meta name=\"twitter:card\" content=\"summary_large_image\" \/>\n<meta name=\"twitter:label1\" content=\"Dur\u00e9e de lecture est.\">\n\t<meta name=\"twitter:data1\" content=\"3 minutes\">\n<script type=\"application\/ld+json\" class=\"yoast-schema-graph\">{\"@context\":\"https:\/\/schema.org\",\"@graph\":[{\"@type\":\"WebSite\",\"@id\":\"https:\/\/afromarket.ca\/#website\",\"url\":\"https:\/\/afromarket.ca\/\",\"name\":\"Afromarket\",\"description\":\"Votre \\u00e9picerie africaine au Canada\",\"potentialAction\":[{\"@type\":\"SearchAction\",\"target\":\"https:\/\/afromarket.ca\/?s={search_term_string}\",\"query-input\":\"required name=search_term_string\"}],\"inLanguage\":\"fr-FR\"},{\"@type\":\"WebPage\",\"@id\":\"https:\/\/afromarket.ca\/index.php\/politique-modele-de-confidentialite\/#webpage\",\"url\":\"https:\/\/afromarket.ca\/index.php\/politique-modele-de-confidentialite\/\",\"name\":\"Politique mod\\u00e8le de confidentialit\\u00e9 - Afromarket\",\"isPartOf\":{\"@id\":\"https:\/\/afromarket.ca\/#website\"},\"datePublished\":\"2019-05-22T21:52:06+00:00\",\"dateModified\":\"2019-05-22T21:52:09+00:00\",\"inLanguage\":\"fr-FR\",\"potentialAction\":[{\"@type\":\"ReadAction\",\"target\":[\"https:\/\/afromarket.ca\/index.php\/politique-modele-de-confidentialite\/\"]}]}]}<\/script>\n<!-- \/ Yoast SEO plugin. -->","jetpack_sharing_enabled":true,"jetpack_shortlink":"https:\/\/wp.me\/PaPXXj-2e2","_links":{"self":[{"href":"https:\/\/afromarket.ca\/index.php\/wp-json\/wp\/v2\/pages\/8558"}],"collection":[{"href":"https:\/\/afromarket.ca\/index.php\/wp-json\/wp\/v2\/pages"}],"about":[{"href":"https:\/\/afromarket.ca\/index.php\/wp-json\/wp\/v2\/types\/page"}],"author":[{"embeddable":true,"href":"https:\/\/afromarket.ca\/index.php\/wp-json\/wp\/v2\/users\/1"}],"replies":[{"embeddable":true,"href":"https:\/\/afromarket.ca\/index.php\/wp-json\/wp\/v2\/comments?post=8558"}],"version-history":[{"count":1,"href":"https:\/\/afromarket.ca\/index.php\/wp-json\/wp\/v2\/pages\/8558\/revisions"}],"predecessor-version":[{"id":8559,"href":"https:\/\/afromarket.ca\/index.php\/wp-json\/wp\/v2\/pages\/8558\/revisions\/8559"}],"wp:attachment":[{"href":"https:\/\/afromarket.ca\/index.php\/wp-json\/wp\/v2\/media?parent=8558"}],"curies":[{"name":"wp","href":"https:\/\/api.w.org\/{rel}","templated":true}]}}