{"id":9268,"date":"2019-07-10T09:20:44","date_gmt":"2019-07-10T13:20:44","guid":{"rendered":"https:\/\/afromarket.ca\/?page_id=9268"},"modified":"2026-02-28T17:06:29","modified_gmt":"2026-02-28T22:06:29","slug":"zones-de-livraison","status":"publish","type":"page","link":"https:\/\/afromarket.ca\/index.php\/zones-de-livraison\/","title":{"rendered":"ZONES DE LIVRAISON"},"content":{"rendered":"\n<p><\/p>\n\n\n\n<p>Nous livrons partout au Canada et aux Etats-Unis via Poste Canada. <\/p>\n\n\n\n<p>Sp\u00e9cialement  pour les Zones A et B d\u00e9crits ci-dessous, nous livrons les fins de semaine (jeudi et vendredi soirs), samedi et  dimanche.  La livraison est programm\u00e9e dans les 24h suivant votre achat et un courriel vous est adress\u00e9 vous confirmant le jour de livraison. <\/p>\n\n\n\n<h2>Zone A<\/h2>\n\n\n\n<p><strong>Livraison \u00e0 10 CAD \/ livraison gratuite \u00e0 partir de 100 CAD d\u2019achat<\/strong><\/p>\n\n\n\n<ul><li>Sur l\u2019Ile de Montr\u00e9al<\/li><li>A la Rive Sud de Montr\u00e9al&nbsp;:\nSaint-Constant, Sainte-Catherine, Delson, Saint-Philippe, Candiac, La Prairie,\nBrossard, Greenfield Park, Saint-Lambert, Saint-Hubert, Longueuil<\/li><\/ul>\n\n\n\n<h2>Zone B<\/h2>\n\n\n\n<p><strong>Livraison \u00e0 15 CAD \/ livraison gratuite \u00e0 partir de 100 CAD d\u2019achat :<\/strong><\/p>\n\n\n\n<ul><li>Rive Sud de Montr\u00e9al&nbsp;: Boucherville, Sainte-Julie, Saint-Bruno-de-Montarville, Carignan, Chambly, Saint-Jean-sur-Richelieu, Ch\u00e2teauguay<\/li><li>Rive Nord&nbsp;: Laval <\/li><\/ul>\n\n\n\n<p><strong>Points de collecte\u00a0de vos achats disponible: <\/strong><a href=\"https:\/\/www.google.com\/maps\/place\/March%C3%A9+Enam\/@45.3791149,-73.5507993,17z\/data=!3m1!4b1!4m6!3m5!1s0x4cc90d381307965b:0x940b51ec9ab6ef15!8m2!3d45.3791149!4d-73.5507993!16s%2Fg%2F11yf_lv8rm?entry=ttu&amp;g_ep=EgoyMDI2MDIyNS4wIKXMDSoASAFQAw%3D%3D\" target=\"_blank\" rel=\"noreferrer noopener\"><strong>March\u00e9 Enam <\/strong>au 81 A Boulevard Georges-Gagn\u00e9 S, Delson, QC J5B 2E6, Canada<\/a><\/p>\n\n\n\n<p>Si la zone de livraison est en dehors des zones sus-cit\u00e9es, la livraison pourra se faire Poste Canada. Les frais de livraison seront fonction du poids et devront \u00eatre pay\u00e9s par le client. Nous communiquerons avec vous pour vous sp\u00e9cifier le co\u00fbt de la livraison.<\/p>\n\n\n\n<p> Pour plus d&#8217;information  contactez : +1 514- 919-7583<\/p>\n","protected":false},"excerpt":{"rendered":"<p>Nous livrons partout au Canada et aux Etats-Unis via Poste Canada. Sp\u00e9cialement pour les Zones A et B d\u00e9crits ci-dessous, nous livrons les fins de semaine (jeudi et vendredi soirs), samedi et dimanche. La livraison est programm\u00e9e dans les 24h suivant votre achat et un courriel vous est adress\u00e9 vous confirmant le jour de livraison. [&hellip;]<\/p>\n","protected":false},"author":1,"featured_media":9269,"parent":0,"menu_order":0,"comment_status":"closed","ping_status":"closed","template":"","meta":{"spay_email":""},"yoast_head":"<!-- This site is optimized with the Yoast SEO plugin v15.7 - https:\/\/yoast.com\/wordpress\/plugins\/seo\/ -->\n<title>ZONES DE LIVRAISON - Afromarket<\/title>\n<meta name=\"robots\" content=\"index, follow, max-snippet:-1, max-image-preview:large, max-video-preview:-1\" \/>\n<link rel=\"canonical\" href=\"https:\/\/afromarket.ca\/index.php\/zones-de-livraison\/\" \/>\n<meta property=\"og:locale\" content=\"fr_FR\" \/>\n<meta property=\"og:type\" content=\"article\" \/>\n<meta property=\"og:title\" content=\"ZONES DE LIVRAISON - Afromarket\" \/>\n<meta property=\"og:description\" content=\"Nous livrons partout au Canada et aux Etats-Unis via Poste Canada. Sp\u00e9cialement pour les Zones A et B d\u00e9crits ci-dessous, nous livrons les fins de semaine (jeudi et vendredi soirs), samedi et dimanche. La livraison est programm\u00e9e dans les 24h suivant votre achat et un courriel vous est adress\u00e9 vous confirmant le jour de livraison. [&hellip;]\" \/>\n<meta property=\"og:url\" content=\"https:\/\/afromarket.ca\/index.php\/zones-de-livraison\/\" \/>\n<meta property=\"og:site_name\" content=\"Afromarket\" \/>\n<meta property=\"article:publisher\" content=\"https:\/\/www.facebook.com\/Afromarketepicerie\/\" \/>\n<meta property=\"article:modified_time\" content=\"2026-02-28T22:06:29+00:00\" \/>\n<meta property=\"og:image\" content=\"https:\/\/i1.wp.com\/afromarket.ca\/wp-content\/uploads\/2019\/07\/Shipping.jpeg?fit=1600%2C1063&#038;ssl=1\" \/>\n\t<meta property=\"og:image:width\" content=\"1600\" \/>\n\t<meta property=\"og:image:height\" content=\"1063\" \/>\n<meta name=\"twitter:card\" content=\"summary_large_image\" \/>\n<meta name=\"twitter:label1\" content=\"Dur\u00e9e de lecture est.\">\n\t<meta name=\"twitter:data1\" content=\"1 minute\">\n<script type=\"application\/ld+json\" class=\"yoast-schema-graph\">{\"@context\":\"https:\/\/schema.org\",\"@graph\":[{\"@type\":\"WebSite\",\"@id\":\"https:\/\/afromarket.ca\/#website\",\"url\":\"https:\/\/afromarket.ca\/\",\"name\":\"Afromarket\",\"description\":\"Votre \\u00e9picerie africaine au Canada\",\"potentialAction\":[{\"@type\":\"SearchAction\",\"target\":\"https:\/\/afromarket.ca\/?s={search_term_string}\",\"query-input\":\"required name=search_term_string\"}],\"inLanguage\":\"fr-FR\"},{\"@type\":\"ImageObject\",\"@id\":\"https:\/\/afromarket.ca\/index.php\/zones-de-livraison\/#primaryimage\",\"inLanguage\":\"fr-FR\",\"url\":\"https:\/\/i1.wp.com\/afromarket.ca\/wp-content\/uploads\/2019\/07\/Shipping.jpeg?fit=1600%2C1063&ssl=1\",\"width\":1600,\"height\":1063},{\"@type\":\"WebPage\",\"@id\":\"https:\/\/afromarket.ca\/index.php\/zones-de-livraison\/#webpage\",\"url\":\"https:\/\/afromarket.ca\/index.php\/zones-de-livraison\/\",\"name\":\"ZONES DE LIVRAISON - Afromarket\",\"isPartOf\":{\"@id\":\"https:\/\/afromarket.ca\/#website\"},\"primaryImageOfPage\":{\"@id\":\"https:\/\/afromarket.ca\/index.php\/zones-de-livraison\/#primaryimage\"},\"datePublished\":\"2019-07-10T13:20:44+00:00\",\"dateModified\":\"2026-02-28T22:06:29+00:00\",\"inLanguage\":\"fr-FR\",\"potentialAction\":[{\"@type\":\"ReadAction\",\"target\":[\"https:\/\/afromarket.ca\/index.php\/zones-de-livraison\/\"]}]}]}<\/script>\n<!-- \/ Yoast SEO plugin. -->","jetpack_sharing_enabled":true,"jetpack_shortlink":"https:\/\/wp.me\/PaPXXj-2pu","_links":{"self":[{"href":"https:\/\/afromarket.ca\/index.php\/wp-json\/wp\/v2\/pages\/9268"}],"collection":[{"href":"https:\/\/afromarket.ca\/index.php\/wp-json\/wp\/v2\/pages"}],"about":[{"href":"https:\/\/afromarket.ca\/index.php\/wp-json\/wp\/v2\/types\/page"}],"author":[{"embeddable":true,"href":"https:\/\/afromarket.ca\/index.php\/wp-json\/wp\/v2\/users\/1"}],"replies":[{"embeddable":true,"href":"https:\/\/afromarket.ca\/index.php\/wp-json\/wp\/v2\/comments?post=9268"}],"version-history":[{"count":14,"href":"https:\/\/afromarket.ca\/index.php\/wp-json\/wp\/v2\/pages\/9268\/revisions"}],"predecessor-version":[{"id":33489,"href":"https:\/\/afromarket.ca\/index.php\/wp-json\/wp\/v2\/pages\/9268\/revisions\/33489"}],"wp:featuredmedia":[{"embeddable":true,"href":"https:\/\/afromarket.ca\/index.php\/wp-json\/wp\/v2\/media\/9269"}],"wp:attachment":[{"href":"https:\/\/afromarket.ca\/index.php\/wp-json\/wp\/v2\/media?parent=9268"}],"curies":[{"name":"wp","href":"https:\/\/api.w.org\/{rel}","templated":true}]}}