{"id":9419,"date":"2019-07-14T06:25:27","date_gmt":"2019-07-14T10:25:27","guid":{"rendered":"https:\/\/afromarket.ca\/?page_id=9419"},"modified":"2020-05-15T01:39:35","modified_gmt":"2020-05-15T05:39:35","slug":"conditions-generales-de-vente","status":"publish","type":"page","link":"https:\/\/afromarket.ca\/index.php\/conditions-generales-de-vente\/","title":{"rendered":"Conditions G\u00e9n\u00e9rales de vente"},"content":{"rendered":"<p>[vc_row][vc_column][vc_column_text]<\/p>\n<p><strong>Pr\u00e9ambule:<\/strong><\/p>\n\n<p>La commande des produits<br \/>pr\u00e9sent\u00e9s dans le catalogue \u00e9lectronique \u2018BOUTIQUE\u2019 de ce site web est<br \/>subordonn\u00e9e \u00e0 l\u2019acceptation par l\u2019acheteur, sans r\u00e9serve par ce dernier, de<br \/>l\u2019int\u00e9gralit\u00e9 des conditions g\u00e9n\u00e9rales de vente expos\u00e9es ci-apr\u00e8s.<\/p>\n\n<p>Les pr\u00e9sentes conditions<br \/>g\u00e9n\u00e9rales de vente s\u2019imposent \u00e0 l\u2019acheteur sans \u00e9gard aux clauses particuli\u00e8res<br \/>ajout\u00e9es \u2013 sauf accord expr\u00e8s du vendeur \u2013 et sans \u00e9gard aux documents<br \/>publicitaires \u00e9mis par le propri\u00e9taire du site. Nous invitons les clients qui<br \/>se sont connect\u00e9s au catalogue \u00e9lectronique de vente \u00e0 distance, \u00e0 lire<br \/>attentivement les conditions g\u00e9n\u00e9rales de vente ci-apr\u00e8s, avant de proc\u00e9der \u00e0<br \/>toute commande effective de produits figurant sur ce catalogue.<\/p>\n\n<p><strong>Article 1 &#8211; Objet\u00a0:<\/strong><\/p>\n\n<p>Les pr\u00e9sentes conditions<br \/>g\u00e9n\u00e9rales de vente ont pour objet de r\u00e9gir les relations entre le groupe<br \/>Chitey, \u00e9diteur du site Afromarket.ca inscrit au registraire des entreprises du<br \/>Qu\u00e9bec sous le num\u00e9ro 2274464397, dont le si\u00e8ge social est situ\u00e9 \u00e0 La Prairie.<\/p>\n\n<p>Ci-apr\u00e8s<br \/>d\u00e9nomm\u00e9e \u00ab le site \u00bb.<\/p>\n\n<p>L\u2019utilisateur<br \/>majeur qui passe commande conform\u00e9ment au processus indiqu\u00e9 sur le site et qui,<br \/>en passant commande, reconna\u00eet avoir pris connaissance des conditions g\u00e9n\u00e9rales<br \/>de vente ci-apr\u00e8s et les avoir accept\u00e9s.<\/p>\n\n<p>Ci-apr\u00e8s<br \/>d\u00e9nomm\u00e9 \u00ab l\u2019acheteur \u00bb.<\/p>\n\n<p><strong>Article 2 &#8211; Caract\u00e9ristiques essentielles des biens et<br \/>services offerts<\/strong><\/p>\n\n<p>Les<br \/>produits propos\u00e9s dans le catalogue \u00e9lectronique et dont la vente \u00e0 distance<br \/>est r\u00e9gie par les pr\u00e9sentes conditions g\u00e9n\u00e9rales de vente ont les<br \/>caract\u00e9ristiques essentielles suivantes :<\/p>\n\n\n<ul>\n<li><strong>Produits concern\u00e9s :<\/strong> la d\u00e9nomination, la quantit\u00e9 ainsi que les<br \/>particularit\u00e9s sont pr\u00e9cis\u00e9s pour chacun des produits dans le catalogue<br \/>\u00e9lectronique. L\u2019ensemble de ces \u00e9l\u00e9ments est repris lors de la commande<br \/>effectu\u00e9e par l\u2019acheteur. En toute hypoth\u00e8se, les photos de pr\u00e9sentation<br \/>des produits propos\u00e9s dans le catalogue \u00e9lectronique ne sont pas<br \/>contractuelles, et ne peuvent engager la responsabilit\u00e9 du vendeur \u00e0<br \/>l\u2019\u00e9gard de l\u2019acheteur.<\/li>\n<li><strong>Zone g\u00e9ographique de couverture de l\u2019offre :<\/strong> l\u2019offre vis\u00e9e aux pr\u00e9sentes conditions<br \/>g\u00e9n\u00e9rales de vente s\u2019\u00e9tend au Canada en g\u00e9n\u00e9ral ; \u00e0 l\u2019\u00eele de<br \/>Montr\u00e9al, rive sud et rive nord de Montr\u00e9al en particulier.<\/li>\n<li><strong>Disponibilit\u00e9 du bien ou du service :<\/strong> les produits pr\u00e9sent\u00e9s dans le catalogue<br \/>\u00e9lectronique et dont la vente \u00e0 distance est r\u00e9gie par les pr\u00e9sentes<br \/>conditions g\u00e9n\u00e9rales de vente, sont disponibles tant que le produit<br \/>concern\u00e9 appara\u00eet sur le catalogue \u00e9lectronique.<\/li>\n<\/ul>\n\n<p><strong>Article 3 &#8211; Dur\u00e9e<\/strong><\/p>\n\n<p>Les offres de vente<br \/>contenues dans le catalogue \u00e9lectronique, r\u00e9gies par les pr\u00e9sentes conditions<br \/>g\u00e9n\u00e9rales de vente, sont valables pour tout produit contenu dans ce catalogue<br \/>tant que celui-ci demeure en ligne ou jusqu\u2019\u00e0 \u00e9puisement du stock.<\/p>\n\n<p><strong>Article 4 &#8211; Le prix<\/strong><\/p>\n\n<p>Le prix est indiqu\u00e9 pour<br \/>chacun des produits figurant dans le catalogue \u00e9lectronique. Le prix \u00a0affich\u00e9s sont sans la taxe de vente du Qu\u00e9bec<br \/>(TVQ) ni la taxe sur les produits et service (TPS). \u00a0Le prix garanti \u00e0 l\u2019acheteur est celui<br \/>figurant sur le catalogue \u00e9lectronique \u00e0 la date de l\u2019achat, lequel est<br \/>mat\u00e9rialis\u00e9 par l\u2019acceptation de l\u2019offre par l\u2019acheteur dans les conditions<br \/>vis\u00e9es \u00e0 l\u2019article 5 ci-apr\u00e8s. Le vendeur se r\u00e9serve le droit de modifier \u00e0<br \/>tout moment les prix de vente figurant sur son catalogue \u00e9lectronique.<\/p>\n\n<p><strong>Article 5 &#8211; Acceptation de l\u2019offre<\/strong><\/p>\n\n<p>L\u2019acceptation de l\u2019offre<br \/>par l\u2019acheteur, dans le cadre du catalogue \u00e9lectronique, est concr\u00e9tis\u00e9e par un<br \/>\u00ab clic de validation \u00bb de la totalit\u00e9 des informations qui doivent \u00eatre<br \/>compl\u00e9t\u00e9es par l\u2019acheteur : nom, pr\u00e9nom, adresse de livraison, t\u00e9l\u00e9phone, adresse<br \/>\u00e9lectronique et un paiement bancaire du solde. La commande pass\u00e9e par<br \/>l\u2019acheteur fait l\u2019objet d\u2019une confirmation \u00e9crite par email du vendeur. Cette<br \/>confirmation contient : d\u00e9signation des produits, les quantit\u00e9s command\u00e9es, les<br \/>prix.<\/p>\n\n<p><strong>Article 6 &#8211; Paiement<\/strong><\/p>\n\n<p>L\u2019acheteur doit acquitter<br \/>par l\u2019un des moyens propos\u00e9s sur le site le r\u00e8glement int\u00e9gral de sa commande.<br \/>L\u2019acheteur garantit au vendeur, lors de la validation de son bon de commande,<br \/>qu\u2019il est en situation r\u00e9guli\u00e8re \u00e0 l\u2019\u00e9gard de l\u2019\u00e9metteur de la carte de<br \/>paiement.<br \/>Sauf envoi en contre remboursement, le paiement est acquitt\u00e9 avant exp\u00e9dition<br \/>des colis.<\/p>\n\n<p><strong>Article 7 &#8211; Livraison<\/strong><\/p>\n\n<p>Les produits seront<br \/>envoy\u00e9s \u00e0 l\u2019adresse de livraison indiqu\u00e9 au cours du processus de commande.<\/p>\n\n<p>L\u2019acheteur est<br \/>responsable de l\u2019exactitude des donn\u00e9es qu\u2019il communique au site concernant son<br \/>adresse de livraison et codes d\u2019acc\u00e8s ainsi que de ses informations<br \/>personnelles (y compris n\u00b0 de t\u00e9l\u00e9phone). Le site ne pourra en aucun cas \u00eatre<br \/>rendu responsable dans le cas d\u2019une impossibilit\u00e9 de d\u00e9livrance du colis due \u00e0<br \/>une impr\u00e9cision ou inexactitude de l\u2019adresse de livraison.<\/p>\n\n<p>La livraison est assur\u00e9e<br \/>par nos services dans un d\u00e9lai de 24 heures pour toutes les commandes valid\u00e9es<br \/>entre le mercredi matin et le dimanche avant 10h00.<\/p>\n\n<p>Pour les autres jours,<br \/>nos d\u00e9lais de livraison sont compris entre 3 \u00e0 4 jours.<\/p>\n\n<p>Pour d\u2019amples<br \/>informations concernant nos livraisons, vous \u00eates pri\u00e9 de consulter notre page \u2018<br \/><a href=\"https:\/\/afromarket.ca\/index.php\/zones-de-livraison\/\">Zones de livraison<\/a> \u2019.<\/p>\n\n<p><strong>Article 8 &#8211; Droit de r\u00e9tractation<\/strong><\/p>\n\n<p>L\u2019acheteur a la<br \/>possibilit\u00e9 de se r\u00e9tracter avant l\u2019exp\u00e9dition de son colis\u00a0jusqu\u2019\u00e0<br \/>minuit le lendemain de la commande.<\/p>\n\n<p>Si la commande ne porte<br \/>que sur des denr\u00e9es alimentaires p\u00e9rissables, il ne peut y avoir de droit de<br \/>r\u00e9tractation car la marchandise command\u00e9e est pr\u00e9par\u00e9e sp\u00e9cialement pour l\u2019acheteur<br \/>et porte sur des produits essentiellement p\u00e9rissables.<br \/>Il ne peut en \u00eatre autrement que si l\u2019acheteur a command\u00e9 des produits non<br \/>p\u00e9rissables.<\/p>\n\n<p>Aucune r\u00e9tractation ou<br \/>retour n\u2019ai possible apr\u00e8s la livraison et r\u00e9ception \/ acceptation des<br \/>marchandises.<\/p>\n\n<p><strong>Article 9 &#8211; Force majeure<\/strong><\/p>\n\n<p>Le site est exon\u00e9r\u00e9 de<br \/>ses obligations contractuelles ou l\u00e9gales en cas de force majeure qui emp\u00eache<br \/>totalement ou partiellement l\u2019ex\u00e9cution du contrat. Les obligations du site<br \/>sont suspendues pendant toute la dur\u00e9e de la force majeure \u00e0 la fin de laquelle<br \/>les d\u00e9lais qui avaient \u00e9t\u00e9 suspendus recommencent \u00e0 courir.<br \/>Sont notamment consid\u00e9r\u00e9s comme des cas de force majeure :<\/p>\n\n\n<ul>\n<li>les intemp\u00e9ries climatiques<\/li>\n<li>les faits de gr\u00e8ve ind\u00e9pendants de la volont\u00e9 de site ou de ses prestataires.<\/li>\n<li>le blocage des r\u00e9seaux ferr\u00e9s, routiers ou a\u00e9riens au regard du mode d\u2019acheminement choisi.<\/li>\n<li>les faits de guerre ou de terrorisme.<\/li>\n<\/ul>\n\n<p><strong>Article 10 &#8211; Propri\u00e9t\u00e9 intellectuelle<\/strong><\/p>\n\n<p>Le nom de site constitue<br \/>une marque d\u00e9pos\u00e9e que l\u2019acheteur ne peut donc pas utiliser. Les informations<br \/>restent la propri\u00e9t\u00e9 de leurs auteurs et ne pourront \u00eatre utilis\u00e9es au-del\u00e0 de<br \/>ce pourquoi vous les avez choisies c\u2019est-\u00e0-dire une utilisation priv\u00e9e et vous<br \/>ne pouvez pas les publier ou les recopier dans des ouvrages sans l\u2019autorisation<br \/>de leur auteur.<\/p>\n\n<p><strong>Article 11 &#8211; Donn\u00e9es confidentielles\u00a0mentions<br \/>l\u00e9gales et cookies<\/strong><\/p>\n\n<p>Le<br \/>site s\u2019engage \u00e0 respecter la confidentialit\u00e9 des donn\u00e9es personnelles<br \/>communiqu\u00e9es par les acheteurs et \u00e0 les traiter dans le respect de la loi<br \/>Informatique et Libert\u00e9s du 6 janvier 1978.<\/p>\n\n<p>Le site ne collecte des<br \/>donn\u00e9es personnelles telles que nom, pr\u00e9nom, adresse et adresse \u00e9lectronique<br \/>que si ces derni\u00e8res lui sont donn\u00e9es volontairement par l\u2019acheteur.<\/p>\n\n<p>Les donn\u00e9es qui sont<br \/>ainsi collect\u00e9es ne peuvent \u00eatre utilis\u00e9es \u00e0 d\u2019autres fins commerciales que<br \/>celles qui sont vis\u00e9es dans le site, pour ses services internes, ou qui<br \/>pourraient \u00eatre d\u00e9velopp\u00e9es ult\u00e9rieurement par le site :<\/p>\n\n\n<ul>\n<li>l\u2019envoi d\u2019emails d\u2019information.<\/li>\n<li>le traitement de la commande du membre.<\/li>\n<li>renforcer et personnaliser la communication notamment par l\u2019envoi de newsletters, d\u2019offres sp\u00e9ciales et d\u2019emails sp\u00e9ciaux dans le cadre de la personnalisation du site en fonction des pr\u00e9f\u00e9rences constat\u00e9es des acheteurs.<\/li>\n<\/ul>\n\n<p>Par ailleurs, Le site<br \/>rappelle que l\u2019acheteur pourra choisir de ne recevoir que certaines cat\u00e9gories<br \/>de courriels.<\/p>\n\n<p>Le site pourra \u00e9galement<br \/>\u00eatre amen\u00e9 \u00e0 communiquer les donn\u00e9es personnelles de l\u2019acheteur pour :<\/p>\n\n\n<ul>\n<li>assurer l\u2019accomplissement de t\u00e2ches n\u00e9cessaires \u00e0 l\u2019ex\u00e9cution de la commande de l\u2019acheteur.<\/li>\n<li>r\u00e9aliser des enqu\u00eates de satisfaction.<\/li>\n<li>assurer la livraison de biens et la r\u00e9alisation de prestations.<\/li>\n<li>lutter contre la fraude et plus g\u00e9n\u00e9ralement toute activit\u00e9 p\u00e9nalement r\u00e9pr\u00e9hensible.<\/li>\n<li>r\u00e9pondre \u00e0 une injonction des autorit\u00e9s l\u00e9gales.<\/li>\n<\/ul>\n\n<p>Le site pourra appliquer<br \/>les moyens techniques pour obtenir des informations non personnelles relatives<br \/>aux acheteurs et destin\u00e9es \u00e0 am\u00e9liorer la fonctionnalit\u00e9 du site.<\/p>\n\n<p>Le site s\u2019engage \u00e0 ne<br \/>pas c\u00e9der ni \u00e0 louer son fichier client.\u00a0Aucune des informations ne peut<br \/>\u00eatre c\u00e9d\u00e9e \u00e0 des tiers.<\/p>\n\n<p>L\u2019acheteur dispose d\u2019un<br \/>droit d\u2019acc\u00e8s, de modification, de rectification ou de suppression des donn\u00e9es<br \/>qui le concernent (article 34 de la Loi Informatique et Libert\u00e9).<\/p>\n<p>\u00c0 la premi\u00e8re demande de ses adh\u00e9rents souhaitant<br \/>sortir de la base le site s\u2019engage \u00e0 supprimer l\u2019ensemble des coordonn\u00e9es et<br \/>informations sur l\u2019adh\u00e9rent.<\/p>\n\n<p>&nbsp;<\/p>\n<p>[\/vc_column_text][\/vc_column][\/vc_row]<\/p>\n","protected":false},"excerpt":{"rendered":"<p>[vc_row][vc_column][vc_column_text] Pr\u00e9ambule: La commande des produitspr\u00e9sent\u00e9s dans le catalogue \u00e9lectronique \u2018BOUTIQUE\u2019 de ce site web estsubordonn\u00e9e \u00e0 l\u2019acceptation par l\u2019acheteur, sans r\u00e9serve par ce dernier, del\u2019int\u00e9gralit\u00e9 des conditions g\u00e9n\u00e9rales de vente expos\u00e9es ci-apr\u00e8s. Les pr\u00e9sentes conditionsg\u00e9n\u00e9rales de vente s\u2019imposent \u00e0 l\u2019acheteur sans \u00e9gard aux clauses particuli\u00e8resajout\u00e9es \u2013 sauf accord expr\u00e8s du vendeur \u2013 et sans [&hellip;]<\/p>\n","protected":false},"author":1,"featured_media":0,"parent":0,"menu_order":0,"comment_status":"closed","ping_status":"closed","template":"","meta":{"spay_email":""},"yoast_head":"<!-- This site is optimized with the Yoast SEO plugin v15.7 - https:\/\/yoast.com\/wordpress\/plugins\/seo\/ -->\n<title>Conditions G\u00e9n\u00e9rales de vente - Afromarket<\/title>\n<meta name=\"robots\" content=\"index, follow, max-snippet:-1, max-image-preview:large, max-video-preview:-1\" \/>\n<link rel=\"canonical\" href=\"https:\/\/afromarket.ca\/index.php\/conditions-generales-de-vente\/\" \/>\n<meta property=\"og:locale\" content=\"fr_FR\" \/>\n<meta property=\"og:type\" content=\"article\" \/>\n<meta property=\"og:title\" content=\"Conditions G\u00e9n\u00e9rales de vente - Afromarket\" \/>\n<meta property=\"og:description\" content=\"[vc_row][vc_column][vc_column_text] Pr\u00e9ambule: La commande des produitspr\u00e9sent\u00e9s dans le catalogue \u00e9lectronique \u2018BOUTIQUE\u2019 de ce site web estsubordonn\u00e9e \u00e0 l\u2019acceptation par l\u2019acheteur, sans r\u00e9serve par ce dernier, del\u2019int\u00e9gralit\u00e9 des conditions g\u00e9n\u00e9rales de vente expos\u00e9es ci-apr\u00e8s. Les pr\u00e9sentes conditionsg\u00e9n\u00e9rales de vente s\u2019imposent \u00e0 l\u2019acheteur sans \u00e9gard aux clauses particuli\u00e8resajout\u00e9es \u2013 sauf accord expr\u00e8s du vendeur \u2013 et sans [&hellip;]\" \/>\n<meta property=\"og:url\" content=\"https:\/\/afromarket.ca\/index.php\/conditions-generales-de-vente\/\" \/>\n<meta property=\"og:site_name\" content=\"Afromarket\" \/>\n<meta property=\"article:publisher\" content=\"https:\/\/www.facebook.com\/Afromarketepicerie\/\" \/>\n<meta property=\"article:modified_time\" content=\"2020-05-15T05:39:35+00:00\" \/>\n<meta name=\"twitter:card\" content=\"summary_large_image\" \/>\n<meta name=\"twitter:label1\" content=\"Dur\u00e9e de lecture est.\">\n\t<meta name=\"twitter:data1\" content=\"7 minutes\">\n<script type=\"application\/ld+json\" class=\"yoast-schema-graph\">{\"@context\":\"https:\/\/schema.org\",\"@graph\":[{\"@type\":\"WebSite\",\"@id\":\"https:\/\/afromarket.ca\/#website\",\"url\":\"https:\/\/afromarket.ca\/\",\"name\":\"Afromarket\",\"description\":\"Votre \\u00e9picerie africaine au Canada\",\"potentialAction\":[{\"@type\":\"SearchAction\",\"target\":\"https:\/\/afromarket.ca\/?s={search_term_string}\",\"query-input\":\"required name=search_term_string\"}],\"inLanguage\":\"fr-FR\"},{\"@type\":\"WebPage\",\"@id\":\"https:\/\/afromarket.ca\/index.php\/conditions-generales-de-vente\/#webpage\",\"url\":\"https:\/\/afromarket.ca\/index.php\/conditions-generales-de-vente\/\",\"name\":\"Conditions G\\u00e9n\\u00e9rales de vente - Afromarket\",\"isPartOf\":{\"@id\":\"https:\/\/afromarket.ca\/#website\"},\"datePublished\":\"2019-07-14T10:25:27+00:00\",\"dateModified\":\"2020-05-15T05:39:35+00:00\",\"inLanguage\":\"fr-FR\",\"potentialAction\":[{\"@type\":\"ReadAction\",\"target\":[\"https:\/\/afromarket.ca\/index.php\/conditions-generales-de-vente\/\"]}]}]}<\/script>\n<!-- \/ Yoast SEO plugin. -->","jetpack_sharing_enabled":true,"jetpack_shortlink":"https:\/\/wp.me\/PaPXXj-2rV","_links":{"self":[{"href":"https:\/\/afromarket.ca\/index.php\/wp-json\/wp\/v2\/pages\/9419"}],"collection":[{"href":"https:\/\/afromarket.ca\/index.php\/wp-json\/wp\/v2\/pages"}],"about":[{"href":"https:\/\/afromarket.ca\/index.php\/wp-json\/wp\/v2\/types\/page"}],"author":[{"embeddable":true,"href":"https:\/\/afromarket.ca\/index.php\/wp-json\/wp\/v2\/users\/1"}],"replies":[{"embeddable":true,"href":"https:\/\/afromarket.ca\/index.php\/wp-json\/wp\/v2\/comments?post=9419"}],"version-history":[{"count":2,"href":"https:\/\/afromarket.ca\/index.php\/wp-json\/wp\/v2\/pages\/9419\/revisions"}],"predecessor-version":[{"id":22826,"href":"https:\/\/afromarket.ca\/index.php\/wp-json\/wp\/v2\/pages\/9419\/revisions\/22826"}],"wp:attachment":[{"href":"https:\/\/afromarket.ca\/index.php\/wp-json\/wp\/v2\/media?parent=9419"}],"curies":[{"name":"wp","href":"https:\/\/api.w.org\/{rel}","templated":true}]}}